{"version":"1.0","provider_name":"sun\/sun","provider_url":"https:\/\/sunsun.fr\/en\/","author_name":"sunsun","author_url":"https:\/\/sunsun.fr\/en\/author\/sunsun\/","title":"Collection Fl\u00e9chette dans \"Vall\u00e9e de la culture\" - sun\/sun","type":"rich","width":600,"height":338,"html":"<blockquote class=\"wp-embedded-content\" data-secret=\"iM86t7VAOa\"><a href=\"https:\/\/sunsun.fr\/en\/collection-flechette-dans-vallee-de-la-culture\/\">Collection Fl\u00e9chette dans &#8220;Vall\u00e9e de la culture&#8221;<\/a><\/blockquote><iframe sandbox=\"allow-scripts\" security=\"restricted\" src=\"https:\/\/sunsun.fr\/en\/collection-flechette-dans-vallee-de-la-culture\/embed\/#?secret=iM86t7VAOa\" width=\"600\" height=\"338\" title=\"&#8220;Collection Fl\u00e9chette dans &#8220;Vall\u00e9e de la culture&#8221;&#8221; &#8212; sun\/sun\" data-secret=\"iM86t7VAOa\" frameborder=\"0\" marginwidth=\"0\" marginheight=\"0\" scrolling=\"no\" class=\"wp-embedded-content\"><\/iframe><script type=\"text\/javascript\">\n\/* <![CDATA[ *\/\n\/*! This file is auto-generated *\/\n!function(d,l){\"use strict\";l.querySelector&&d.addEventListener&&\"undefined\"!=typeof URL&&(d.wp=d.wp||{},d.wp.receiveEmbedMessage||(d.wp.receiveEmbedMessage=function(e){var t=e.data;if((t||t.secret||t.message||t.value)&&!\/[^a-zA-Z0-9]\/.test(t.secret)){for(var s,r,n,a=l.querySelectorAll('iframe[data-secret=\"'+t.secret+'\"]'),o=l.querySelectorAll('blockquote[data-secret=\"'+t.secret+'\"]'),c=new RegExp(\"^https?:$\",\"i\"),i=0;i<o.length;i++)o[i].style.display=\"none\";for(i=0;i<a.length;i++)s=a[i],e.source===s.contentWindow&&(s.removeAttribute(\"style\"),\"height\"===t.message?(1e3<(r=parseInt(t.value,10))?r=1e3:~~r<200&&(r=200),s.height=r):\"link\"===t.message&&(r=new URL(s.getAttribute(\"src\")),n=new URL(t.value),c.test(n.protocol))&&n.host===r.host&&l.activeElement===s&&(d.top.location.href=t.value))}},d.addEventListener(\"message\",d.wp.receiveEmbedMessage,!1),l.addEventListener(\"DOMContentLoaded\",function(){for(var e,t,s=l.querySelectorAll(\"iframe.wp-embedded-content\"),r=0;r<s.length;r++)(t=(e=s[r]).getAttribute(\"data-secret\"))||(t=Math.random().toString(36).substring(2,12),e.src+=\"#?secret=\"+t,e.setAttribute(\"data-secret\",t)),e.contentWindow.postMessage({message:\"ready\",secret:t},\"*\")},!1)))}(window,document);\n\/* ]]> *\/\n<\/script>\n","thumbnail_url":"https:\/\/sunsun.fr\/app\/uploads\/2025\/04\/Capture-decran-2023-11-01-a-17.03.08-6.png","thumbnail_width":988,"thumbnail_height":1138,"description":"\u00ab\u00a0Lanc\u00e9e le 13 d\u00e9cembre dernier au mus\u00e9e d\u00e9partemental Albert-Kahn, la collection Fl\u00e9chette fait dialoguer les images des Archives de la Plan\u00e8te avec les textes d\u2019autrices et d\u2019auteurs contemporains. L\u2019occasion pour le mus\u00e9e de tisser des liens au long cours avec une sc\u00e8ne litt\u00e9raire vivifiante. (\u2026) Gr\u00e2ce \u00e0 Fl\u00e9chette, un autre regard est port\u00e9 sur nos [&hellip;]"}

Collection Fléchette dans "Vallée de la culture" - sun/sun

<blockquote class="wp-embedded-content" data-secret="iM86t7VAOa"><a href="https://sunsun.fr/en/collection-flechette-dans-vallee-de-la-culture/">Collection Fléchette dans &#8220;Vallée de la culture&#8221;</a></blockquote><iframe sandbox="allow-scripts" security="restricted" src="https://sunsun.fr/en/collection-flechette-dans-vallee-de-la-culture/embed/#?secret=iM86t7VAOa" width="600" height="338" title="&#8220;Collection Fléchette dans &#8220;Vallée de la culture&#8221;&#8221; &#8212; sun/sun" data-secret="iM86t7VAOa" frameborder="0" marginwidth="0" marginheight="0" scrolling="no" class="wp-embedded-content"></iframe><script type="text/javascript">
/* <![CDATA[ */
/*! This file is auto-generated */
!function(d,l){"use strict";l.querySelector&&d.addEventListener&&"undefined"!=typeof URL&&(d.wp=d.wp||{},d.wp.receiveEmbedMessage||(d.wp.receiveEmbedMessage=function(e){var t=e.data;if((t||t.secret||t.message||t.value)&&!/[^a-zA-Z0-9]/.test(t.secret)){for(var s,r,n,a=l.querySelectorAll('iframe[data-secret="'+t.secret+'"]'),o=l.querySelectorAll('blockquote[data-secret="'+t.secret+'"]'),c=new RegExp("^https?:$","i"),i=0;i<o.length;i++)o[i].style.display="none";for(i=0;i<a.length;i++)s=a[i],e.source===s.contentWindow&&(s.removeAttribute("style"),"height"===t.message?(1e3<(r=parseInt(t.value,10))?r=1e3:~~r<200&&(r=200),s.height=r):"link"===t.message&&(r=new URL(s.getAttribute("src")),n=new URL(t.value),c.test(n.protocol))&&n.host===r.host&&l.activeElement===s&&(d.top.location.href=t.value))}},d.addEventListener("message",d.wp.receiveEmbedMessage,!1),l.addEventListener("DOMContentLoaded",function(){for(var e,t,s=l.querySelectorAll("iframe.wp-embedded-content"),r=0;r<s.length;r++)(t=(e=s[r]).getAttribute("data-secret"))||(t=Math.random().toString(36).substring(2,12),e.src+="#?secret="+t,e.setAttribute("data-secret",t)),e.contentWindow.postMessage({message:"ready",secret:t},"*")},!1)))}(window,document);
/* ]]> */
</script>

« Lancée le 13 décembre dernier au musée départemental Albert-Kahn, la collection Fléchette fait dialoguer les images des Archives de la Planète avec les textes d’autrices et d’auteurs contemporains. L’occasion pour le musée de tisser des liens au long cours avec une scène littéraire vivifiante. (…) Grâce à Fléchette, un autre regard est porté sur nos [&hellip;]
