{"id":2385,"date":"2026-01-13T11:01:47","date_gmt":"2026-01-13T10:01:47","guid":{"rendered":"https:\/\/sunsun.fr\/editions\/le-noir-dedans\/"},"modified":"2019-04-30T11:01:47","modified_gmt":"2019-04-30T09:01:47","slug":"le-noir-dedans","status":"publish","type":"product","link":"https:\/\/sunsun.fr\/en\/editions\/le-noir-dedans\/","title":{"rendered":"le noir dedans"},"content":{"rendered":"<p>C\u2019est pour \u00e7a que des hommes parlent fort.<br \/>\nHurlent. Courent.<br \/>\nEt travaillent.<br \/>\nS\u2019\u00e9puisent chaque soir.<br \/>\nC\u2019est parce que c\u2019est vide et c\u2019est noir dedans.<br \/>\nC\u2019est pour \u00e7a qu\u2019on a appris \u00e0 lire.<br \/>\n\u00c0 \u00e9crire et \u00e0 compter.<br \/>\n\u00c0 souder et \u00e0 conduire.<br \/>\nC\u2019est pour remplir le noir dedans.<br \/>\nC\u2019est pour \u00e7a qu\u2019on court apr\u00e8s un ballon.<br \/>\nQu\u2019on escalade une montagne.<br \/>\nQu\u2019on r\u00e9pertorie les papillons.<br \/>\nC\u2019est pour \u00e7a que des hommes ont invent\u00e9 dieu<br \/>\net les ampoules \u00e9lectriques.<br \/>\nOnt construit des \u00e9glises et des appartements.<br \/>\nC\u2019est parce que c\u2019est noir dedans.<\/p>\n","protected":false},"excerpt":{"rendered":"<p>C\u2019est pour \u00e7a que des hommes parlent fort. Hurlent. Courent. Et travaillent. S\u2019\u00e9puisent chaque soir. C\u2019est parce que c\u2019est vide et c\u2019est noir dedans. C\u2019est pour \u00e7a qu\u2019on a appris \u00e0 lire. \u00c0 \u00e9crire et \u00e0 compter. \u00c0 souder et \u00e0 conduire. C\u2019est pour remplir le noir dedans. C\u2019est pour \u00e7a qu\u2019on court apr\u00e8s un [&hellip;]<\/p>\n","protected":false},"featured_media":4099,"template":"","meta":{"_acf_changed":false,"_exactmetrics_skip_tracking":false,"_exactmetrics_sitenote_active":false,"_exactmetrics_sitenote_note":"","_exactmetrics_sitenote_category":0},"product_cat":[97],"product_tag":[],"class_list":{"0":"post-2385","1":"product","2":"type-product","3":"status-publish","4":"has-post-thumbnail","6":"collection-chaos-en","7":"writer-thomas-vinau-en","8":"product_cat-uncategorized-en","10":"first","11":"instock","12":"shipping-taxable","13":"purchasable","14":"product-type-simple"},"acf":[],"yoast_head":"<!-- This site is optimized with the Yoast SEO plugin v23.5 - https:\/\/yoast.com\/wordpress\/plugins\/seo\/ -->\n<title>le noir dedans - sun\/sun<\/title>\n<meta name=\"robots\" content=\"index, follow, max-snippet:-1, max-image-preview:large, max-video-preview:-1\" \/>\n<link rel=\"canonical\" href=\"https:\/\/sunsun.fr\/en\/editions\/le-noir-dedans\/\" \/>\n<meta property=\"og:locale\" content=\"en_US\" \/>\n<meta property=\"og:type\" content=\"article\" \/>\n<meta property=\"og:title\" content=\"le noir dedans - sun\/sun\" \/>\n<meta property=\"og:description\" content=\"C\u2019est pour \u00e7a que des hommes parlent fort. Hurlent. Courent. Et travaillent. S\u2019\u00e9puisent chaque soir. C\u2019est parce que c\u2019est vide et c\u2019est noir dedans. C\u2019est pour \u00e7a qu\u2019on a appris \u00e0 lire. \u00c0 \u00e9crire et \u00e0 compter. \u00c0 souder et \u00e0 conduire. C\u2019est pour remplir le noir dedans. C\u2019est pour \u00e7a qu\u2019on court apr\u00e8s un [&hellip;]\" \/>\n<meta property=\"og:url\" content=\"https:\/\/sunsun.fr\/en\/editions\/le-noir-dedans\/\" \/>\n<meta property=\"og:site_name\" content=\"sun\/sun\" \/>\n<meta property=\"article:publisher\" content=\"https:\/\/www.facebook.com\/icisunsun\" \/>\n<meta property=\"article:modified_time\" content=\"2019-04-30T09:01:47+00:00\" \/>\n<meta property=\"og:image\" content=\"https:\/\/sunsun.fr\/app\/uploads\/2019\/04\/58612977_1213921782128508_8298630586927415296_n.jpg\" \/>\n\t<meta property=\"og:image:width\" content=\"720\" \/>\n\t<meta property=\"og:image:height\" content=\"960\" \/>\n\t<meta property=\"og:image:type\" content=\"image\/jpeg\" \/>\n<meta name=\"twitter:card\" content=\"summary_large_image\" \/>\n<meta name=\"twitter:label1\" content=\"Est. reading time\" \/>\n\t<meta name=\"twitter:data1\" content=\"1 minute\" \/>\n<script type=\"application\/ld+json\" class=\"yoast-schema-graph\">{\"@context\":\"https:\/\/schema.org\",\"@graph\":[{\"@type\":\"WebPage\",\"@id\":\"https:\/\/sunsun.fr\/en\/editions\/le-noir-dedans\/\",\"url\":\"https:\/\/sunsun.fr\/en\/editions\/le-noir-dedans\/\",\"name\":\"le noir dedans - sun\/sun\",\"isPartOf\":{\"@id\":\"https:\/\/dev.webxost.com\/sunsun2\/#website\"},\"primaryImageOfPage\":{\"@id\":\"https:\/\/sunsun.fr\/en\/editions\/le-noir-dedans\/#primaryimage\"},\"image\":{\"@id\":\"https:\/\/sunsun.fr\/en\/editions\/le-noir-dedans\/#primaryimage\"},\"thumbnailUrl\":\"https:\/\/sunsun.fr\/app\/uploads\/2019\/04\/sunsun_le-noir-dedans.jpg\",\"datePublished\":\"2026-01-13T10:01:47+00:00\",\"dateModified\":\"2019-04-30T09:01:47+00:00\",\"breadcrumb\":{\"@id\":\"https:\/\/sunsun.fr\/en\/editions\/le-noir-dedans\/#breadcrumb\"},\"inLanguage\":\"en-US\",\"potentialAction\":[{\"@type\":\"ReadAction\",\"target\":[\"https:\/\/sunsun.fr\/en\/editions\/le-noir-dedans\/\"]}]},{\"@type\":\"ImageObject\",\"inLanguage\":\"en-US\",\"@id\":\"https:\/\/sunsun.fr\/en\/editions\/le-noir-dedans\/#primaryimage\",\"url\":\"https:\/\/sunsun.fr\/app\/uploads\/2019\/04\/sunsun_le-noir-dedans.jpg\",\"contentUrl\":\"https:\/\/sunsun.fr\/app\/uploads\/2019\/04\/sunsun_le-noir-dedans.jpg\",\"width\":1200,\"height\":900},{\"@type\":\"BreadcrumbList\",\"@id\":\"https:\/\/sunsun.fr\/en\/editions\/le-noir-dedans\/#breadcrumb\",\"itemListElement\":[{\"@type\":\"ListItem\",\"position\":1,\"name\":\"Home\",\"item\":\"https:\/\/sunsun.fr\/en\/\"},{\"@type\":\"ListItem\",\"position\":2,\"name\":\"\u00e9ditions\",\"item\":\"https:\/\/sunsun.fr\/en\/\"},{\"@type\":\"ListItem\",\"position\":3,\"name\":\"le noir dedans\"}]},{\"@type\":\"WebSite\",\"@id\":\"https:\/\/dev.webxost.com\/sunsun2\/#website\",\"url\":\"https:\/\/dev.webxost.com\/sunsun2\/\",\"name\":\"sun\/sun\",\"description\":\"label de cr\u00e9ation \u00e9ditoriale\",\"potentialAction\":[{\"@type\":\"SearchAction\",\"target\":{\"@type\":\"EntryPoint\",\"urlTemplate\":\"https:\/\/dev.webxost.com\/sunsun2\/?s={search_term_string}\"},\"query-input\":{\"@type\":\"PropertyValueSpecification\",\"valueRequired\":true,\"valueName\":\"search_term_string\"}}],\"inLanguage\":\"en-US\"}]}<\/script>\n<!-- \/ Yoast SEO plugin. -->","yoast_head_json":{"title":"le noir dedans - sun\/sun","robots":{"index":"index","follow":"follow","max-snippet":"max-snippet:-1","max-image-preview":"max-image-preview:large","max-video-preview":"max-video-preview:-1"},"canonical":"https:\/\/sunsun.fr\/en\/editions\/le-noir-dedans\/","og_locale":"en_US","og_type":"article","og_title":"le noir dedans - sun\/sun","og_description":"C\u2019est pour \u00e7a que des hommes parlent fort. Hurlent. Courent. Et travaillent. S\u2019\u00e9puisent chaque soir. C\u2019est parce que c\u2019est vide et c\u2019est noir dedans. C\u2019est pour \u00e7a qu\u2019on a appris \u00e0 lire. \u00c0 \u00e9crire et \u00e0 compter. \u00c0 souder et \u00e0 conduire. C\u2019est pour remplir le noir dedans. C\u2019est pour \u00e7a qu\u2019on court apr\u00e8s un [&hellip;]","og_url":"https:\/\/sunsun.fr\/en\/editions\/le-noir-dedans\/","og_site_name":"sun\/sun","article_publisher":"https:\/\/www.facebook.com\/icisunsun","article_modified_time":"2019-04-30T09:01:47+00:00","og_image":[{"width":720,"height":960,"url":"https:\/\/sunsun.fr\/app\/uploads\/2019\/04\/58612977_1213921782128508_8298630586927415296_n.jpg","type":"image\/jpeg"}],"twitter_card":"summary_large_image","twitter_misc":{"Est. reading time":"1 minute"},"schema":{"@context":"https:\/\/schema.org","@graph":[{"@type":"WebPage","@id":"https:\/\/sunsun.fr\/en\/editions\/le-noir-dedans\/","url":"https:\/\/sunsun.fr\/en\/editions\/le-noir-dedans\/","name":"le noir dedans - sun\/sun","isPartOf":{"@id":"https:\/\/dev.webxost.com\/sunsun2\/#website"},"primaryImageOfPage":{"@id":"https:\/\/sunsun.fr\/en\/editions\/le-noir-dedans\/#primaryimage"},"image":{"@id":"https:\/\/sunsun.fr\/en\/editions\/le-noir-dedans\/#primaryimage"},"thumbnailUrl":"https:\/\/sunsun.fr\/app\/uploads\/2019\/04\/sunsun_le-noir-dedans.jpg","datePublished":"2026-01-13T10:01:47+00:00","dateModified":"2019-04-30T09:01:47+00:00","breadcrumb":{"@id":"https:\/\/sunsun.fr\/en\/editions\/le-noir-dedans\/#breadcrumb"},"inLanguage":"en-US","potentialAction":[{"@type":"ReadAction","target":["https:\/\/sunsun.fr\/en\/editions\/le-noir-dedans\/"]}]},{"@type":"ImageObject","inLanguage":"en-US","@id":"https:\/\/sunsun.fr\/en\/editions\/le-noir-dedans\/#primaryimage","url":"https:\/\/sunsun.fr\/app\/uploads\/2019\/04\/sunsun_le-noir-dedans.jpg","contentUrl":"https:\/\/sunsun.fr\/app\/uploads\/2019\/04\/sunsun_le-noir-dedans.jpg","width":1200,"height":900},{"@type":"BreadcrumbList","@id":"https:\/\/sunsun.fr\/en\/editions\/le-noir-dedans\/#breadcrumb","itemListElement":[{"@type":"ListItem","position":1,"name":"Home","item":"https:\/\/sunsun.fr\/en\/"},{"@type":"ListItem","position":2,"name":"\u00e9ditions","item":"https:\/\/sunsun.fr\/en\/"},{"@type":"ListItem","position":3,"name":"le noir dedans"}]},{"@type":"WebSite","@id":"https:\/\/dev.webxost.com\/sunsun2\/#website","url":"https:\/\/dev.webxost.com\/sunsun2\/","name":"sun\/sun","description":"label de cr\u00e9ation \u00e9ditoriale","potentialAction":[{"@type":"SearchAction","target":{"@type":"EntryPoint","urlTemplate":"https:\/\/dev.webxost.com\/sunsun2\/?s={search_term_string}"},"query-input":{"@type":"PropertyValueSpecification","valueRequired":true,"valueName":"search_term_string"}}],"inLanguage":"en-US"}]}},"_links":{"self":[{"href":"https:\/\/sunsun.fr\/en\/wp-json\/wp\/v2\/product\/2385"}],"collection":[{"href":"https:\/\/sunsun.fr\/en\/wp-json\/wp\/v2\/product"}],"about":[{"href":"https:\/\/sunsun.fr\/en\/wp-json\/wp\/v2\/types\/product"}],"wp:featuredmedia":[{"embeddable":true,"href":"https:\/\/sunsun.fr\/en\/wp-json\/wp\/v2\/media\/4099"}],"wp:attachment":[{"href":"https:\/\/sunsun.fr\/en\/wp-json\/wp\/v2\/media?parent=2385"}],"wp:term":[{"taxonomy":"product_cat","embeddable":true,"href":"https:\/\/sunsun.fr\/en\/wp-json\/wp\/v2\/product_cat?post=2385"},{"taxonomy":"product_tag","embeddable":true,"href":"https:\/\/sunsun.fr\/en\/wp-json\/wp\/v2\/product_tag?post=2385"}],"curies":[{"name":"wp","href":"https:\/\/api.w.org\/{rel}","templated":true}]}}

<p>C’est pour ça que des hommes parlent fort.<br />
Hurlent. Courent.<br />
Et travaillent.<br />
S’épuisent chaque soir.<br />
C’est parce que c’est vide et c’est noir dedans.<br />
C’est pour ça qu’on a appris à lire.<br />
À écrire et à compter.<br />
À souder et à conduire.<br />
C’est pour remplir le noir dedans.<br />
C’est pour ça qu’on court après un ballon.<br />
Qu’on escalade une montagne.<br />
Qu’on répertorie les papillons.<br />
C’est pour ça que des hommes ont inventé dieu<br />
et les ampoules électriques.<br />
Ont construit des églises et des appartements.<br />
C’est parce que c’est noir dedans.</p>

<p>C’est pour ça que des hommes parlent fort. Hurlent. Courent. Et travaillent. S’épuisent chaque soir. C’est parce que c’est vide et c’est noir dedans. C’est pour ça qu’on a appris à lire. À écrire et à compter. À souder et à conduire. C’est pour remplir le noir dedans. C’est pour ça qu’on court après un [&hellip;]</p>

<!-- This site is optimized with the Yoast SEO plugin v23.5 - https://yoast.com/wordpress/plugins/seo/ -->
<title>le noir dedans - sun/sun</title>
<meta name="robots" content="index, follow, max-snippet:-1, max-image-preview:large, max-video-preview:-1" />
<link rel="canonical" href="https://sunsun.fr/en/editions/le-noir-dedans/" />
<meta property="og:locale" content="en_US" />
<meta property="og:type" content="article" />
<meta property="og:title" content="le noir dedans - sun/sun" />
<meta property="og:description" content="C’est pour ça que des hommes parlent fort. Hurlent. Courent. Et travaillent. S’épuisent chaque soir. C’est parce que c’est vide et c’est noir dedans. C’est pour ça qu’on a appris à lire. À écrire et à compter. À souder et à conduire. C’est pour remplir le noir dedans. C’est pour ça qu’on court après un [&hellip;]" />
<meta property="og:url" content="https://sunsun.fr/en/editions/le-noir-dedans/" />
<meta property="og:site_name" content="sun/sun" />
<meta property="article:publisher" content="https://www.facebook.com/icisunsun" />
<meta property="article:modified_time" content="2019-04-30T09:01:47+00:00" />
<meta property="og:image" content="https://sunsun.fr/app/uploads/2019/04/58612977_1213921782128508_8298630586927415296_n.jpg" />
	<meta property="og:image:width" content="720" />
	<meta property="og:image:height" content="960" />
	<meta property="og:image:type" content="image/jpeg" />
<meta name="twitter:card" content="summary_large_image" />
<meta name="twitter:label1" content="Est. reading time" />
	<meta name="twitter:data1" content="1 minute" />
<script type="application/ld+json" class="yoast-schema-graph">{"@context":"https://schema.org","@graph":[{"@type":"WebPage","@id":"https://sunsun.fr/en/editions/le-noir-dedans/","url":"https://sunsun.fr/en/editions/le-noir-dedans/","name":"le noir dedans - sun/sun","isPartOf":{"@id":"https://dev.webxost.com/sunsun2/#website"},"primaryImageOfPage":{"@id":"https://sunsun.fr/en/editions/le-noir-dedans/#primaryimage"},"image":{"@id":"https://sunsun.fr/en/editions/le-noir-dedans/#primaryimage"},"thumbnailUrl":"https://sunsun.fr/app/uploads/2019/04/sunsun_le-noir-dedans.jpg","datePublished":"2026-01-13T10:01:47+00:00","dateModified":"2019-04-30T09:01:47+00:00","breadcrumb":{"@id":"https://sunsun.fr/en/editions/le-noir-dedans/#breadcrumb"},"inLanguage":"en-US","potentialAction":[{"@type":"ReadAction","target":["https://sunsun.fr/en/editions/le-noir-dedans/"]}]},{"@type":"ImageObject","inLanguage":"en-US","@id":"https://sunsun.fr/en/editions/le-noir-dedans/#primaryimage","url":"https://sunsun.fr/app/uploads/2019/04/sunsun_le-noir-dedans.jpg","contentUrl":"https://sunsun.fr/app/uploads/2019/04/sunsun_le-noir-dedans.jpg","width":1200,"height":900},{"@type":"BreadcrumbList","@id":"https://sunsun.fr/en/editions/le-noir-dedans/#breadcrumb","itemListElement":[{"@type":"ListItem","position":1,"name":"Home","item":"https://sunsun.fr/en/"},{"@type":"ListItem","position":2,"name":"éditions","item":"https://sunsun.fr/en/"},{"@type":"ListItem","position":3,"name":"le noir dedans"}]},{"@type":"WebSite","@id":"https://dev.webxost.com/sunsun2/#website","url":"https://dev.webxost.com/sunsun2/","name":"sun/sun","description":"label de création éditoriale","potentialAction":[{"@type":"SearchAction","target":{"@type":"EntryPoint","urlTemplate":"https://dev.webxost.com/sunsun2/?s={search_term_string}"},"query-input":{"@type":"PropertyValueSpecification","valueRequired":true,"valueName":"search_term_string"}}],"inLanguage":"en-US"}]}</script>
<!-- / Yoast SEO plugin. -->

C’est pour ça que des hommes parlent fort. Hurlent. Courent. Et travaillent. S’épuisent chaque soir. C’est parce que c’est vide et c’est noir dedans. C’est pour ça qu’on a appris à lire. À écrire et à compter. À souder et à conduire. C’est pour remplir le noir dedans. C’est pour ça qu’on court après un [&hellip;]

éditions

label de création éditoriale
